{"id":34,"date":"2022-11-21T16:04:06","date_gmt":"2022-11-21T16:04:06","guid":{"rendered":"https:\/\/xirimites.com\/?page_id=34"},"modified":"2024-08-21T11:34:41","modified_gmt":"2024-08-21T09:34:41","slug":"luthier","status":"publish","type":"page","link":"https:\/\/xirimites.com\/?page_id=34","title":{"rendered":"Luthier"},"content":{"rendered":"\t\t<div data-elementor-type=\"wp-page\" data-elementor-id=\"34\" class=\"elementor elementor-34\">\n\t\t\t\t\t\t<section class=\"elementor-section elementor-top-section elementor-element elementor-element-a171265 elementor-section-boxed elementor-section-height-default elementor-section-height-default\" data-id=\"a171265\" data-element_type=\"section\">\n\t\t\t\t\t\t<div class=\"elementor-container elementor-column-gap-default\">\n\t\t\t\t\t<div class=\"elementor-column elementor-col-100 elementor-top-column elementor-element elementor-element-d3bc8a2\" data-id=\"d3bc8a2\" data-element_type=\"column\">\n\t\t\t<div class=\"elementor-widget-wrap elementor-element-populated\">\n\t\t\t\t\t\t<div class=\"elementor-element elementor-element-921daa3 elementor-widget elementor-widget-spacer\" data-id=\"921daa3\" data-element_type=\"widget\" data-widget_type=\"spacer.default\">\n\t\t\t\t<div class=\"elementor-widget-container\">\n\t\t\t\t\t\t\t<div class=\"elementor-spacer\">\n\t\t\t<div class=\"elementor-spacer-inner\"><\/div>\n\t\t<\/div>\n\t\t\t\t\t\t<\/div>\n\t\t\t\t<\/div>\n\t\t\t\t\t<\/div>\n\t\t<\/div>\n\t\t\t\t\t<\/div>\n\t\t<\/section>\n\t\t\t\t<section class=\"elementor-section elementor-top-section elementor-element elementor-element-a3b298c elementor-section-content-middle elementor-section-boxed elementor-section-height-default elementor-section-height-default\" data-id=\"a3b298c\" data-element_type=\"section\" data-settings=\"{&quot;background_background&quot;:&quot;classic&quot;}\">\n\t\t\t\t\t\t<div class=\"elementor-container elementor-column-gap-default\">\n\t\t\t\t\t<div class=\"elementor-column elementor-col-50 elementor-top-column elementor-element elementor-element-baa8f72\" data-id=\"baa8f72\" data-element_type=\"column\">\n\t\t\t<div class=\"elementor-widget-wrap elementor-element-populated\">\n\t\t\t\t\t\t<div class=\"elementor-element elementor-element-57a7c29 elementor-widget elementor-widget-image\" data-id=\"57a7c29\" data-element_type=\"widget\" data-widget_type=\"image.default\">\n\t\t\t\t<div class=\"elementor-widget-container\">\n\t\t\t\t\t\t\t\t\t\t\t\t\t\t\t<img fetchpriority=\"high\" decoding=\"async\" width=\"768\" height=\"1024\" src=\"https:\/\/xirimites.com\/wp-content\/uploads\/2022\/11\/WhatsApp-Image-2022-11-25-at-18.40.28-768x1024.jpeg\" class=\"attachment-medium_large size-medium_large wp-image-72\" alt=\"\" srcset=\"https:\/\/xirimites.com\/wp-content\/uploads\/2022\/11\/WhatsApp-Image-2022-11-25-at-18.40.28-768x1024.jpeg 768w, https:\/\/xirimites.com\/wp-content\/uploads\/2022\/11\/WhatsApp-Image-2022-11-25-at-18.40.28-225x300.jpeg 225w, https:\/\/xirimites.com\/wp-content\/uploads\/2022\/11\/WhatsApp-Image-2022-11-25-at-18.40.28-1152x1536.jpeg 1152w, https:\/\/xirimites.com\/wp-content\/uploads\/2022\/11\/WhatsApp-Image-2022-11-25-at-18.40.28.jpeg 1536w\" sizes=\"(max-width: 768px) 100vw, 768px\" \/>\t\t\t\t\t\t\t\t\t\t\t\t\t\t\t<\/div>\n\t\t\t\t<\/div>\n\t\t\t\t\t<\/div>\n\t\t<\/div>\n\t\t\t\t<div class=\"elementor-column elementor-col-50 elementor-top-column elementor-element elementor-element-049f2fd\" data-id=\"049f2fd\" data-element_type=\"column\">\n\t\t\t<div class=\"elementor-widget-wrap elementor-element-populated\">\n\t\t\t\t\t\t<div class=\"elementor-element elementor-element-301cd8c elementor-widget elementor-widget-heading\" data-id=\"301cd8c\" data-element_type=\"widget\" data-widget_type=\"heading.default\">\n\t\t\t\t<div class=\"elementor-widget-container\">\n\t\t\t\t\t<h1 class=\"elementor-heading-title elementor-size-default\"><b>Paco Mullor<br><\/b>Luthier<\/h1>\t\t\t\t<\/div>\n\t\t\t\t<\/div>\n\t\t\t\t<div class=\"elementor-element elementor-element-768e508 elementor-widget-divider--view-line elementor-widget elementor-widget-divider\" data-id=\"768e508\" data-element_type=\"widget\" data-widget_type=\"divider.default\">\n\t\t\t\t<div class=\"elementor-widget-container\">\n\t\t\t\t\t\t\t<div class=\"elementor-divider\">\n\t\t\t<span class=\"elementor-divider-separator\">\n\t\t\t\t\t\t<\/span>\n\t\t<\/div>\n\t\t\t\t\t\t<\/div>\n\t\t\t\t<\/div>\n\t\t\t\t<div class=\"elementor-element elementor-element-f5c0056 elementor-widget elementor-widget-text-editor\" data-id=\"f5c0056\" data-element_type=\"widget\" data-widget_type=\"text-editor.default\">\n\t\t\t\t<div class=\"elementor-widget-container\">\n\t\t\t\t\t\t\t\t\t<p style=\"margin-bottom: 0px; background: transparent; pointer-events: auto; font-style: normal; font-weight: 400; font-size: 16px; line-height: 1.6em; color: rgb(var(--color_14));\"><span style=\"margin: 0px; padding: 0px; border: 0px; outline: 0px; vertical-align: baseline; background: transparent; color: rgb(var(--color_14));\">Paco Mullor, resident en la localitat d&#8217; Ontinyent,\u00a0porta treballant la fusta m\u00e9s de 20 anys.<\/span><\/p><p style=\"margin-bottom: 0px; background: transparent; pointer-events: auto; font-style: normal; font-weight: 400; font-size: 16px; line-height: 1.6em; color: rgb(var(--color_14));\"><span style=\"margin: 0px; padding: 0px; border: 0px; outline: 0px; vertical-align: baseline; background: transparent; color: rgb(var(--color_14));\">Ha creat escultures, relleus, aix\u00ed com armes per a festes de <em>Moros i Cristians <\/em>(navaixes, trabucs, arcab\u00fas, llances, destrals, sables, etc &#8211; pots vore exemples en la secci\u00f3 &#8220;Moros i Cristians&#8221; de la web).<\/span><\/p><p>\u00a0<\/p><p style=\"margin-bottom: 0px; background: transparent; pointer-events: auto; font-style: normal; font-weight: 400; font-size: 16px; line-height: 1.6em; color: rgb(var(--color_14));\"><span style=\"background-color: transparent; color: rgb(var(--color_14));\">En 2016 es va introdu\u00efr al m\u00f3n de la m\u00fasica, principalment per instruments fests en fusta.<\/span><\/p><p style=\"margin-bottom: 0px; background: transparent; pointer-events: auto; font-style: normal; font-weight: 400; font-size: 16px; line-height: 1.6em; color: rgb(var(--color_14));\"><span style=\"background-color: transparent; color: rgb(var(--color_14));\">Este mateix any va comen\u00e7ar a elaborar dol\u00e7aines \/ xirimites. Uns anys despr\u00e9s ampli\u00e0 el ventall amb postisses i closques.<\/span><\/p><p style=\"margin-bottom: 0px; background: transparent; pointer-events: auto; font-style: normal; font-weight: 400; font-size: 16px; line-height: 1.6em; color: rgb(var(--color_14));\"><span style=\"background-color: transparent; color: rgb(var(--color_14));\">Amb l&#8217;ajuda de m\u00fasics experts en esta disciplina, ha conseguit manufacturar una de les millors dol\u00e7aines del mercat, sent la seua afinaci\u00f3 qualificada com a &#8220;excel.lent&#8221;.\u00a0<\/span><\/p><blockquote><div data-testid=\"richTextElement\"><h6><b>Quins instruments fabriquem artesanalment?\u00a0<\/b><\/h6><\/div><div data-testid=\"richTextElement\"><p>Dol\u00e7aina\/xirimita valenciana afinada en SOL.\u00a0<\/p><p>Dol\u00e7aina\/xirimita valenciana afinada en FA.<\/p><p>Postisses de balls tradicionals.<\/p><p>Closques de gegants i cabets.<\/p><\/div><\/blockquote>\t\t\t\t\t\t\t\t<\/div>\n\t\t\t\t<\/div>\n\t\t\t\t<div class=\"elementor-element elementor-element-f958145 elementor-widget elementor-widget-button\" data-id=\"f958145\" data-element_type=\"widget\" data-widget_type=\"button.default\">\n\t\t\t\t<div class=\"elementor-widget-container\">\n\t\t\t\t\t\t\t\t\t<div class=\"elementor-button-wrapper\">\n\t\t\t\t\t<a class=\"elementor-button elementor-button-link elementor-size-md\" href=\"https:\/\/xirimites.com\/?page_id=36\">\n\t\t\t\t\t\t<span class=\"elementor-button-content-wrapper\">\n\t\t\t\t\t\t<span class=\"elementor-button-icon\">\n\t\t\t\t<i aria-hidden=\"true\" class=\"fas fa-music\"><\/i>\t\t\t<\/span>\n\t\t\t\t\t\t\t\t\t<span class=\"elementor-button-text\">Instruments<\/span>\n\t\t\t\t\t<\/span>\n\t\t\t\t\t<\/a>\n\t\t\t\t<\/div>\n\t\t\t\t\t\t\t\t<\/div>\n\t\t\t\t<\/div>\n\t\t\t\t\t<\/div>\n\t\t<\/div>\n\t\t\t\t\t<\/div>\n\t\t<\/section>\n\t\t\t\t<\/div>\n\t\t","protected":false},"excerpt":{"rendered":"<p>Paco MullorLuthier Paco Mullor, resident en la localitat d&#8217; Ontinyent,\u00a0porta treballant la fusta m\u00e9s de [&hellip;]<\/p>\n","protected":false},"author":1,"featured_media":0,"parent":0,"menu_order":0,"comment_status":"closed","ping_status":"closed","template":"","meta":{"site-sidebar-layout":"no-sidebar","site-content-layout":"page-builder","ast-site-content-layout":"default","site-content-style":"default","site-sidebar-style":"default","ast-global-header-display":"","ast-banner-title-visibility":"","ast-main-header-display":"","ast-hfb-above-header-display":"","ast-hfb-below-header-display":"","ast-hfb-mobile-header-display":"","site-post-title":"disabled","ast-breadcrumbs-content":"","ast-featured-img":"disabled","footer-sml-layout":"","theme-transparent-header-meta":"","adv-header-id-meta":"","stick-header-meta":"","header-above-stick-meta":"","header-main-stick-meta":"","header-below-stick-meta":"","astra-migrate-meta-layouts":"default","ast-page-background-enabled":"default","ast-page-background-meta":{"desktop":{"background-color":"","background-image":"","background-repeat":"repeat","background-position":"center center","background-size":"auto","background-attachment":"scroll","background-type":"","background-media":"","overlay-type":"","overlay-color":"","overlay-opacity":"","overlay-gradient":""},"tablet":{"background-color":"","background-image":"","background-repeat":"repeat","background-position":"center center","background-size":"auto","background-attachment":"scroll","background-type":"","background-media":"","overlay-type":"","overlay-color":"","overlay-opacity":"","overlay-gradient":""},"mobile":{"background-color":"","background-image":"","background-repeat":"repeat","background-position":"center center","background-size":"auto","background-attachment":"scroll","background-type":"","background-media":"","overlay-type":"","overlay-color":"","overlay-opacity":"","overlay-gradient":""}},"ast-content-background-meta":{"desktop":{"background-color":"var(--ast-global-color-5)","background-image":"","background-repeat":"repeat","background-position":"center center","background-size":"auto","background-attachment":"scroll","background-type":"","background-media":"","overlay-type":"","overlay-color":"","overlay-opacity":"","overlay-gradient":""},"tablet":{"background-color":"var(--ast-global-color-5)","background-image":"","background-repeat":"repeat","background-position":"center center","background-size":"auto","background-attachment":"scroll","background-type":"","background-media":"","overlay-type":"","overlay-color":"","overlay-opacity":"","overlay-gradient":""},"mobile":{"background-color":"var(--ast-global-color-5)","background-image":"","background-repeat":"repeat","background-position":"center center","background-size":"auto","background-attachment":"scroll","background-type":"","background-media":"","overlay-type":"","overlay-color":"","overlay-opacity":"","overlay-gradient":""}},"footnotes":""},"class_list":["post-34","page","type-page","status-publish","hentry"],"_links":{"self":[{"href":"https:\/\/xirimites.com\/index.php?rest_route=\/wp\/v2\/pages\/34","targetHints":{"allow":["GET"]}}],"collection":[{"href":"https:\/\/xirimites.com\/index.php?rest_route=\/wp\/v2\/pages"}],"about":[{"href":"https:\/\/xirimites.com\/index.php?rest_route=\/wp\/v2\/types\/page"}],"author":[{"embeddable":true,"href":"https:\/\/xirimites.com\/index.php?rest_route=\/wp\/v2\/users\/1"}],"replies":[{"embeddable":true,"href":"https:\/\/xirimites.com\/index.php?rest_route=%2Fwp%2Fv2%2Fcomments&post=34"}],"version-history":[{"count":22,"href":"https:\/\/xirimites.com\/index.php?rest_route=\/wp\/v2\/pages\/34\/revisions"}],"predecessor-version":[{"id":969,"href":"https:\/\/xirimites.com\/index.php?rest_route=\/wp\/v2\/pages\/34\/revisions\/969"}],"wp:attachment":[{"href":"https:\/\/xirimites.com\/index.php?rest_route=%2Fwp%2Fv2%2Fmedia&parent=34"}],"curies":[{"name":"wp","href":"https:\/\/api.w.org\/{rel}","templated":true}]}}